{"id":6919,"date":"2019-05-20T16:55:00","date_gmt":"2019-05-20T14:55:00","guid":{"rendered":"https:\/\/www.oavda.it\/?page_id=6919"},"modified":"2019-06-03T17:16:10","modified_gmt":"2019-06-03T15:16:10","slug":"alcotra-france","status":"publish","type":"page","link":"https:\/\/www.oavda.it\/fr\/alcotra-france","title":{"rendered":"Le programme Interreg-Alcotra France"},"content":{"rendered":"<h3><a href=\"https:\/\/www.oavda.it\/fr\/alcotra-france\/presentation-du-projet-exo-eco\">Pr\u00e9sentation du projet EXO-ECO<\/a><\/h3>\n<h3><a href=\"https:\/\/www.oavda.it\/fr\/alcotra-france\/evenements-passes-et-futurs\">\u00c9v\u00e9nements pass\u00e9s et futurs<\/a><\/h3>\n<h3><a href=\"https:\/\/www.oavda.it\/fr\/alcotra-france\/atelier-interne-de-didactique-de-lastronomie\">Atelier interne de didactique de l&#8217;astronomie (22-26\/10\/2018)<\/a><\/h3>\n<p>&nbsp;<\/p>\n<p><img loading=\"lazy\" decoding=\"async\" class=\"alignleft wp-image-6977\" src=\"https:\/\/www.oavda.it\/wp-content\/uploads\/2019\/06\/exoeco_alcotra.jpg\" alt=\"\" width=\"641\" height=\"190\" srcset=\"https:\/\/www.oavda.it\/wp-content\/uploads\/2019\/06\/exoeco_alcotra.jpg 2104w, https:\/\/www.oavda.it\/wp-content\/uploads\/2019\/06\/exoeco_alcotra-300x89.jpg 300w, https:\/\/www.oavda.it\/wp-content\/uploads\/2019\/06\/exoeco_alcotra-768x228.jpg 768w, https:\/\/www.oavda.it\/wp-content\/uploads\/2019\/06\/exoeco_alcotra-1024x304.jpg 1024w, https:\/\/www.oavda.it\/wp-content\/uploads\/2019\/06\/exoeco_alcotra-24x7.jpg 24w, https:\/\/www.oavda.it\/wp-content\/uploads\/2019\/06\/exoeco_alcotra-36x11.jpg 36w, https:\/\/www.oavda.it\/wp-content\/uploads\/2019\/06\/exoeco_alcotra-48x14.jpg 48w\" sizes=\"auto, (max-width: 641px) 100vw, 641px\" \/><\/p>\n<p><img loading=\"lazy\" decoding=\"async\" class=\"alignright wp-image-6974\" src=\"https:\/\/www.oavda.it\/wp-content\/uploads\/2019\/06\/centre_astro_logo.jpg\" alt=\"\" width=\"142\" height=\"200\" srcset=\"https:\/\/www.oavda.it\/wp-content\/uploads\/2019\/06\/centre_astro_logo.jpg 205w, https:\/\/www.oavda.it\/wp-content\/uploads\/2019\/06\/centre_astro_logo-17x24.jpg 17w, https:\/\/www.oavda.it\/wp-content\/uploads\/2019\/06\/centre_astro_logo-26x36.jpg 26w, https:\/\/www.oavda.it\/wp-content\/uploads\/2019\/06\/centre_astro_logo-34x48.jpg 34w\" sizes=\"auto, (max-width: 142px) 100vw, 142px\" \/><\/p>\n<p>&nbsp;<\/p>\n<p>&nbsp;<\/p>\n<p>&nbsp;<\/p>\n<p>&nbsp;<\/p>\n<p>&nbsp;<\/p>\n<p>&nbsp;<\/p>\n<p>&nbsp;<\/p>\n<p>&nbsp;<\/p>\n","protected":false},"excerpt":{"rendered":"<p>Pr\u00e9sentation du projet EXO-ECO \u00c9v\u00e9nements pass\u00e9s et futurs Atelier interne de didactique de l&#8217;astronomie (22-26\/10\/2018) &nbsp; &nbsp; &nbsp; &nbsp; &nbsp; &nbsp; &nbsp; &nbsp; &nbsp;<\/p>\n","protected":false},"author":2,"featured_media":0,"parent":0,"menu_order":0,"comment_status":"closed","ping_status":"closed","template":"","meta":{"footnotes":""},"class_list":["post-6919","page","type-page","status-publish","hentry"],"yoast_head":"<!-- This site is optimized with the Yoast SEO plugin v26.8 - https:\/\/yoast.com\/product\/yoast-seo-wordpress\/ -->\n<title>Le programme Interreg-Alcotra France - Osservatorio Astronomico della Regione Autonoma Valle d&#039;Aosta<\/title>\n<meta name=\"robots\" content=\"index, follow, max-snippet:-1, max-image-preview:large, max-video-preview:-1\" \/>\n<link rel=\"canonical\" href=\"https:\/\/www.oavda.it\/fr\/alcotra-france\" \/>\n<meta property=\"og:locale\" content=\"fr_FR\" \/>\n<meta property=\"og:type\" content=\"article\" \/>\n<meta property=\"og:title\" content=\"Le programme Interreg-Alcotra France - Osservatorio Astronomico della Regione Autonoma Valle d&#039;Aosta\" \/>\n<meta property=\"og:description\" content=\"Pr\u00e9sentation du projet EXO-ECO \u00c9v\u00e9nements pass\u00e9s et futurs Atelier interne de didactique de l&#8217;astronomie (22-26\/10\/2018) &nbsp; &nbsp; &nbsp; &nbsp; &nbsp; &nbsp; &nbsp; &nbsp; &nbsp;\" \/>\n<meta property=\"og:url\" content=\"https:\/\/www.oavda.it\/fr\/alcotra-france\" \/>\n<meta property=\"og:site_name\" content=\"Osservatorio Astronomico della Regione Autonoma Valle d&#039;Aosta\" \/>\n<meta property=\"article:modified_time\" content=\"2019-06-03T15:16:10+00:00\" \/>\n<meta property=\"og:image\" content=\"https:\/\/www.oavda.it\/wp-content\/uploads\/2019\/06\/exoeco_alcotra.jpg\" \/>\n<meta name=\"twitter:card\" content=\"summary_large_image\" \/>\n<script type=\"application\/ld+json\" class=\"yoast-schema-graph\">{\"@context\":\"https:\/\/schema.org\",\"@graph\":[{\"@type\":\"WebPage\",\"@id\":\"https:\/\/www.oavda.it\/fr\/alcotra-france\",\"url\":\"https:\/\/www.oavda.it\/fr\/alcotra-france\",\"name\":\"Le programme Interreg-Alcotra France - Osservatorio Astronomico della Regione Autonoma Valle d&#039;Aosta\",\"isPartOf\":{\"@id\":\"https:\/\/www.oavda.it\/#website\"},\"primaryImageOfPage\":{\"@id\":\"https:\/\/www.oavda.it\/fr\/alcotra-france#primaryimage\"},\"image\":{\"@id\":\"https:\/\/www.oavda.it\/fr\/alcotra-france#primaryimage\"},\"thumbnailUrl\":\"https:\/\/www.oavda.it\/wp-content\/uploads\/2019\/06\/exoeco_alcotra.jpg\",\"datePublished\":\"2019-05-20T14:55:00+00:00\",\"dateModified\":\"2019-06-03T15:16:10+00:00\",\"breadcrumb\":{\"@id\":\"https:\/\/www.oavda.it\/fr\/alcotra-france#breadcrumb\"},\"inLanguage\":\"fr-FR\",\"potentialAction\":[{\"@type\":\"ReadAction\",\"target\":[\"https:\/\/www.oavda.it\/fr\/alcotra-france\"]}]},{\"@type\":\"ImageObject\",\"inLanguage\":\"fr-FR\",\"@id\":\"https:\/\/www.oavda.it\/fr\/alcotra-france#primaryimage\",\"url\":\"https:\/\/www.oavda.it\/wp-content\/uploads\/2019\/06\/exoeco_alcotra.jpg\",\"contentUrl\":\"https:\/\/www.oavda.it\/wp-content\/uploads\/2019\/06\/exoeco_alcotra.jpg\"},{\"@type\":\"BreadcrumbList\",\"@id\":\"https:\/\/www.oavda.it\/fr\/alcotra-france#breadcrumb\",\"itemListElement\":[{\"@type\":\"ListItem\",\"position\":1,\"name\":\"Home\",\"item\":\"https:\/\/www.oavda.it\/fr\"},{\"@type\":\"ListItem\",\"position\":2,\"name\":\"Le programme Interreg-Alcotra France\"}]},{\"@type\":\"WebSite\",\"@id\":\"https:\/\/www.oavda.it\/#website\",\"url\":\"https:\/\/www.oavda.it\/\",\"name\":\"Osservatorio Astronomico della Regione Autonoma Valle d&#039;Aosta\",\"description\":\"\",\"potentialAction\":[{\"@type\":\"SearchAction\",\"target\":{\"@type\":\"EntryPoint\",\"urlTemplate\":\"https:\/\/www.oavda.it\/?s={search_term_string}\"},\"query-input\":{\"@type\":\"PropertyValueSpecification\",\"valueRequired\":true,\"valueName\":\"search_term_string\"}}],\"inLanguage\":\"fr-FR\"}]}<\/script>\n<!-- \/ Yoast SEO plugin. -->","yoast_head_json":{"title":"Le programme Interreg-Alcotra France - Osservatorio Astronomico della Regione Autonoma Valle d&#039;Aosta","robots":{"index":"index","follow":"follow","max-snippet":"max-snippet:-1","max-image-preview":"max-image-preview:large","max-video-preview":"max-video-preview:-1"},"canonical":"https:\/\/www.oavda.it\/fr\/alcotra-france","og_locale":"fr_FR","og_type":"article","og_title":"Le programme Interreg-Alcotra France - Osservatorio Astronomico della Regione Autonoma Valle d&#039;Aosta","og_description":"Pr\u00e9sentation du projet EXO-ECO \u00c9v\u00e9nements pass\u00e9s et futurs Atelier interne de didactique de l&#8217;astronomie (22-26\/10\/2018) &nbsp; &nbsp; &nbsp; &nbsp; &nbsp; &nbsp; &nbsp; &nbsp; &nbsp;","og_url":"https:\/\/www.oavda.it\/fr\/alcotra-france","og_site_name":"Osservatorio Astronomico della Regione Autonoma Valle d&#039;Aosta","article_modified_time":"2019-06-03T15:16:10+00:00","og_image":[{"url":"https:\/\/www.oavda.it\/wp-content\/uploads\/2019\/06\/exoeco_alcotra.jpg","type":"","width":"","height":""}],"twitter_card":"summary_large_image","schema":{"@context":"https:\/\/schema.org","@graph":[{"@type":"WebPage","@id":"https:\/\/www.oavda.it\/fr\/alcotra-france","url":"https:\/\/www.oavda.it\/fr\/alcotra-france","name":"Le programme Interreg-Alcotra France - Osservatorio Astronomico della Regione Autonoma Valle d&#039;Aosta","isPartOf":{"@id":"https:\/\/www.oavda.it\/#website"},"primaryImageOfPage":{"@id":"https:\/\/www.oavda.it\/fr\/alcotra-france#primaryimage"},"image":{"@id":"https:\/\/www.oavda.it\/fr\/alcotra-france#primaryimage"},"thumbnailUrl":"https:\/\/www.oavda.it\/wp-content\/uploads\/2019\/06\/exoeco_alcotra.jpg","datePublished":"2019-05-20T14:55:00+00:00","dateModified":"2019-06-03T15:16:10+00:00","breadcrumb":{"@id":"https:\/\/www.oavda.it\/fr\/alcotra-france#breadcrumb"},"inLanguage":"fr-FR","potentialAction":[{"@type":"ReadAction","target":["https:\/\/www.oavda.it\/fr\/alcotra-france"]}]},{"@type":"ImageObject","inLanguage":"fr-FR","@id":"https:\/\/www.oavda.it\/fr\/alcotra-france#primaryimage","url":"https:\/\/www.oavda.it\/wp-content\/uploads\/2019\/06\/exoeco_alcotra.jpg","contentUrl":"https:\/\/www.oavda.it\/wp-content\/uploads\/2019\/06\/exoeco_alcotra.jpg"},{"@type":"BreadcrumbList","@id":"https:\/\/www.oavda.it\/fr\/alcotra-france#breadcrumb","itemListElement":[{"@type":"ListItem","position":1,"name":"Home","item":"https:\/\/www.oavda.it\/fr"},{"@type":"ListItem","position":2,"name":"Le programme Interreg-Alcotra France"}]},{"@type":"WebSite","@id":"https:\/\/www.oavda.it\/#website","url":"https:\/\/www.oavda.it\/","name":"Osservatorio Astronomico della Regione Autonoma Valle d&#039;Aosta","description":"","potentialAction":[{"@type":"SearchAction","target":{"@type":"EntryPoint","urlTemplate":"https:\/\/www.oavda.it\/?s={search_term_string}"},"query-input":{"@type":"PropertyValueSpecification","valueRequired":true,"valueName":"search_term_string"}}],"inLanguage":"fr-FR"}]}},"_links":{"self":[{"href":"https:\/\/www.oavda.it\/fr\/wp-json\/wp\/v2\/pages\/6919","targetHints":{"allow":["GET"]}}],"collection":[{"href":"https:\/\/www.oavda.it\/fr\/wp-json\/wp\/v2\/pages"}],"about":[{"href":"https:\/\/www.oavda.it\/fr\/wp-json\/wp\/v2\/types\/page"}],"author":[{"embeddable":true,"href":"https:\/\/www.oavda.it\/fr\/wp-json\/wp\/v2\/users\/2"}],"replies":[{"embeddable":true,"href":"https:\/\/www.oavda.it\/fr\/wp-json\/wp\/v2\/comments?post=6919"}],"version-history":[{"count":10,"href":"https:\/\/www.oavda.it\/fr\/wp-json\/wp\/v2\/pages\/6919\/revisions"}],"predecessor-version":[{"id":7040,"href":"https:\/\/www.oavda.it\/fr\/wp-json\/wp\/v2\/pages\/6919\/revisions\/7040"}],"wp:attachment":[{"href":"https:\/\/www.oavda.it\/fr\/wp-json\/wp\/v2\/media?parent=6919"}],"curies":[{"name":"wp","href":"https:\/\/api.w.org\/{rel}","templated":true}]}}

<h3><a href="https://www.oavda.it/fr/alcotra-france/presentation-du-projet-exo-eco">Présentation du projet EXO-ECO</a></h3>
<h3><a href="https://www.oavda.it/fr/alcotra-france/evenements-passes-et-futurs">Événements passés et futurs</a></h3>
<h3><a href="https://www.oavda.it/fr/alcotra-france/atelier-interne-de-didactique-de-lastronomie">Atelier interne de didactique de l&#8217;astronomie (22-26/10/2018)</a></h3>
<p>&nbsp;</p>
<p><img loading="lazy" decoding="async" class="alignleft wp-image-6977" src="https://www.oavda.it/wp-content/uploads/2019/06/exoeco_alcotra.jpg" alt="" width="641" height="190" srcset="https://www.oavda.it/wp-content/uploads/2019/06/exoeco_alcotra.jpg 2104w, https://www.oavda.it/wp-content/uploads/2019/06/exoeco_alcotra-300x89.jpg 300w, https://www.oavda.it/wp-content/uploads/2019/06/exoeco_alcotra-768x228.jpg 768w, https://www.oavda.it/wp-content/uploads/2019/06/exoeco_alcotra-1024x304.jpg 1024w, https://www.oavda.it/wp-content/uploads/2019/06/exoeco_alcotra-24x7.jpg 24w, https://www.oavda.it/wp-content/uploads/2019/06/exoeco_alcotra-36x11.jpg 36w, https://www.oavda.it/wp-content/uploads/2019/06/exoeco_alcotra-48x14.jpg 48w" sizes="auto, (max-width: 641px) 100vw, 641px" /></p>
<p><img loading="lazy" decoding="async" class="alignright wp-image-6974" src="https://www.oavda.it/wp-content/uploads/2019/06/centre_astro_logo.jpg" alt="" width="142" height="200" srcset="https://www.oavda.it/wp-content/uploads/2019/06/centre_astro_logo.jpg 205w, https://www.oavda.it/wp-content/uploads/2019/06/centre_astro_logo-17x24.jpg 17w, https://www.oavda.it/wp-content/uploads/2019/06/centre_astro_logo-26x36.jpg 26w, https://www.oavda.it/wp-content/uploads/2019/06/centre_astro_logo-34x48.jpg 34w" sizes="auto, (max-width: 142px) 100vw, 142px" /></p>
<p>&nbsp;</p>
<p>&nbsp;</p>
<p>&nbsp;</p>
<p>&nbsp;</p>
<p>&nbsp;</p>
<p>&nbsp;</p>
<p>&nbsp;</p>
<p>&nbsp;</p>

<p>Présentation du projet EXO-ECO Événements passés et futurs Atelier interne de didactique de l&#8217;astronomie (22-26/10/2018) &nbsp; &nbsp; &nbsp; &nbsp; &nbsp; &nbsp; &nbsp; &nbsp; &nbsp;</p>

<!-- This site is optimized with the Yoast SEO plugin v26.8 - https://yoast.com/product/yoast-seo-wordpress/ -->
<title>Le programme Interreg-Alcotra France - Osservatorio Astronomico della Regione Autonoma Valle d&#039;Aosta</title>
<meta name="robots" content="index, follow, max-snippet:-1, max-image-preview:large, max-video-preview:-1" />
<link rel="canonical" href="https://www.oavda.it/fr/alcotra-france" />
<meta property="og:locale" content="fr_FR" />
<meta property="og:type" content="article" />
<meta property="og:title" content="Le programme Interreg-Alcotra France - Osservatorio Astronomico della Regione Autonoma Valle d&#039;Aosta" />
<meta property="og:description" content="Présentation du projet EXO-ECO Événements passés et futurs Atelier interne de didactique de l&#8217;astronomie (22-26/10/2018) &nbsp; &nbsp; &nbsp; &nbsp; &nbsp; &nbsp; &nbsp; &nbsp; &nbsp;" />
<meta property="og:url" content="https://www.oavda.it/fr/alcotra-france" />
<meta property="og:site_name" content="Osservatorio Astronomico della Regione Autonoma Valle d&#039;Aosta" />
<meta property="article:modified_time" content="2019-06-03T15:16:10+00:00" />
<meta property="og:image" content="https://www.oavda.it/wp-content/uploads/2019/06/exoeco_alcotra.jpg" />
<meta name="twitter:card" content="summary_large_image" />
<script type="application/ld+json" class="yoast-schema-graph">{"@context":"https://schema.org","@graph":[{"@type":"WebPage","@id":"https://www.oavda.it/fr/alcotra-france","url":"https://www.oavda.it/fr/alcotra-france","name":"Le programme Interreg-Alcotra France - Osservatorio Astronomico della Regione Autonoma Valle d&#039;Aosta","isPartOf":{"@id":"https://www.oavda.it/#website"},"primaryImageOfPage":{"@id":"https://www.oavda.it/fr/alcotra-france#primaryimage"},"image":{"@id":"https://www.oavda.it/fr/alcotra-france#primaryimage"},"thumbnailUrl":"https://www.oavda.it/wp-content/uploads/2019/06/exoeco_alcotra.jpg","datePublished":"2019-05-20T14:55:00+00:00","dateModified":"2019-06-03T15:16:10+00:00","breadcrumb":{"@id":"https://www.oavda.it/fr/alcotra-france#breadcrumb"},"inLanguage":"fr-FR","potentialAction":[{"@type":"ReadAction","target":["https://www.oavda.it/fr/alcotra-france"]}]},{"@type":"ImageObject","inLanguage":"fr-FR","@id":"https://www.oavda.it/fr/alcotra-france#primaryimage","url":"https://www.oavda.it/wp-content/uploads/2019/06/exoeco_alcotra.jpg","contentUrl":"https://www.oavda.it/wp-content/uploads/2019/06/exoeco_alcotra.jpg"},{"@type":"BreadcrumbList","@id":"https://www.oavda.it/fr/alcotra-france#breadcrumb","itemListElement":[{"@type":"ListItem","position":1,"name":"Home","item":"https://www.oavda.it/fr"},{"@type":"ListItem","position":2,"name":"Le programme Interreg-Alcotra France"}]},{"@type":"WebSite","@id":"https://www.oavda.it/#website","url":"https://www.oavda.it/","name":"Osservatorio Astronomico della Regione Autonoma Valle d&#039;Aosta","description":"","potentialAction":[{"@type":"SearchAction","target":{"@type":"EntryPoint","urlTemplate":"https://www.oavda.it/?s={search_term_string}"},"query-input":{"@type":"PropertyValueSpecification","valueRequired":true,"valueName":"search_term_string"}}],"inLanguage":"fr-FR"}]}</script>
<!-- / Yoast SEO plugin. -->

Présentation du projet EXO-ECO Événements passés et futurs Atelier interne de didactique de l&#8217;astronomie (22-26/10/2018) &nbsp; &nbsp; &nbsp; &nbsp; &nbsp; &nbsp; &nbsp; &nbsp; &nbsp;
